-7 + 2. Let n(l) = -10*l. Let j(c) = u*n(c) - 4*p(c). Is 10 a factor of j(3)?
False
Let h(o) = o**3 - o**2 - 4*o - 3. Let n = 6 + -8. Let q be h(n). Let y = 4 - q. Does 9 divide y?
False
Let u = 41 + -40. Is 26 a factor of 142 - u/(1/(-3)*1)?
False
Suppose x - 44 = -3*x. Let i = 10 - x. Is (-3)/(308/320 + i) a multiple of 20?
True
Suppose -20*w + 1361 = -4639. Is 25 a factor of w?
True
Suppose -4*u - 37 - 7 = -4*j, -82 = -5*j - 4*u. Suppose 0 = -k + 1 + j. Is 8 a factor of k?
False
Let l(z) = -2*z - 47*z - 7*z - 1. Let n = 299 - 300. Is l(n) a multiple of 11?
True
Suppose 17 = 3*w - 6*w + 4*n, -4*w + 5*n - 23 = 0. Let z(p) = 3*p**2 - 8*p - 14. Does 27 divide z(w)?
True
Let s = -9 + 3. Let p(r) = 13*r - 5. Let z(c) = -40*c + 14. Let f(a) = -10*p(a) - 3*z(a). Is 17 a factor of f(s)?
True
Suppose 0 = -2*b + 2*y + 1000, 60*b - 63*b + 1505 = 2*y. Is 11 a factor of b?
False
Let b(n) = 5*n + 7. Let c be b(5). Suppose 3*m + 2*k = -c, 24 = -4*m + k + k. Let h(l) = l**2 + 3*l. Does 9 divide h(m)?
False
Let k(t) be the second derivative of t**4/6 - t**3 - 3*t**2 + 2*t. Is k(7) a multiple of 10?
True
Suppose 0 = -5*f - 0*f + 10. Is 4 a factor of (f/(-4))/(2/(-44))?
False
Suppose 9*c - 10*c + 2*s + 2221 = 0, -3*c = 4*s - 6613. Is 11 a factor of c?
True
Suppose -3*g = -9, 5*g + 50 = 5*c - 70. Is 9 a factor of c?
True
Suppose 0 = -23*j + 19*j - 3*u + 10120, 2*u = 0. Does 11 divide j?
True
Let z = 149 + 2. Suppose -22*v - 20 = -27*v. Suppose v*b + 35 = z. Does 10 divide b?
False
Let a(s) = s**2 + 17*s - 8. Let d(l) = -2*l**2 - 18*l + 7. Let v(j) = 3*a(j) + 2*d(j). Is v(7) a multiple of 23?
True
Let f(x) = -x**3 - 9*x**2 - 6*x + 10. Does 8 divide f(-10)?
False
Suppose 12 = -3*k, 2*s - 472 = -0*s - 2*k. Is 24 a factor of s?
True
Suppose 3*k = 6*k + 120. Let v = 81 + k. Is 6 a factor of v?
False
Let p(h) = -h - 13. Let o be p(-7). Does 18 divide -4 - 129/6*o?
False
Let g = -1 + 3. Let r(y) = -y**3 + y**2 - 2*y + 3. Let j be r(g). Let n(x) = -x + 4. Does 4 divide n(j)?
False
Let b(c) = 660*c + 133. Is b(6) a multiple of 95?
False
Suppose -15*o - 249 = -639. Is 2 a factor of o?
True
Let s be 3 - -637*(-3 + 4). Suppose j = 6*j - s. Suppose -5*i + 2*w = 6*w - j, -w + 109 = 4*i. Is i a multiple of 28?
True
Suppose 3 = 5*m + 2*z - 23, 11 = 5*m - 3*z. Suppose -m*w - 44 = -3*y, -3*w - 54 = -4*y - 0*y. Is 3 a factor of y?
True
Let j = 117 + -63. Let u(t) = t**2 + t + 2. Let a be u(-2). Suppose -2*f + 5*k + 54 = -j, -a*f = -4*k - 216. Is 18 a factor of f?
True
Let h = 147 - 47. Suppose 3*y + 47 = -91. Let s = y + h. Does 18 divide s?
True
Let t be (14 + 1)/(36/60). Let j = 26 - t. Is 16 a factor of (24*j)/(9/12)?
True
Suppose -49*y + 41*y = -2112. Does 33 divide y?
True
Suppose -4*c - c = 0. Suppose 2*i = -w - c + 3, 3*i - 21 = 4*w. Is 2 + i*28/3 a multiple of 4?
False
Suppose 6*r - 495 = 3*r. Let j(t) = -t**2 - 7*t + 4. Let y be j(-7). Suppose x = -y*x + r. Is x a multiple of 21?
False
Let x(b) = 5*b**2 + 29*b - 196. Is x(8) a multiple of 11?
False
Let b be (12/3 - 0)/2. Suppose 3*o = -3*u + b*u + 23, -2*u + 3*o + 46 = 0. Is 7 a factor of u?
False
Let i(q) = -4*q + 3. Let r be i(4). Suppose -4*o - 2*d + 20 - 100 = 0, 5*o + 3*d = -102. Let h = r - o. Is h even?
False
Is 15 a factor of ((-2)/(-5))/(3 + 29237/(-9750))?
True
Let m(n) = n**2 - 37*n + 305. Does 5 divide m(25)?
True
Suppose 7*n + 4358 = 9*n - 2*c, 0 = -2*n + 5*c + 4343. Is n a multiple of 84?
True
Let o be -2*(-1)/((-2)/4). Let l(x) = 19 + 25 - 46 + 4*x**2 + 5*x. Does 31 divide l(o)?
False
Is 11 a factor of 2/4*(3 - 428/(-4))?
True
Let d(b) = -79*b - 45. Is 3 a factor of d(-3)?
True
Suppose 2*i - 4 = -2, 3*p = 2*i + 25. Suppose 0*s + 216 = p*s. Is s a multiple of 4?
True
Let t(z) = z**2 + 3*z - 7. Let k be t(-5). Suppose -y = -3*y + p + k, 5 = 2*y + p. Suppose 4*x = l - 2*l + y, -2*x - 4 = -2*l. Is l even?
True
Let n(q) = -q + 4. Let s be n(5). Is 4 a factor of s*((-8)/(-2) + -12)?
True
Let i be 1 + -2 + (-3 - -1). Let a(y) = -y**2 - 6*y - 5. Let w be a(i). Suppose -w*l + 168 = -l. Does 8 divide l?
True
Let h(r) = -250*r + 2. Let y be h(-1). Suppose -a - 3*k + y = -2*k, -2*a = -5*k - 504. Does 21 divide a?
True
Suppose 0 = -5*k - 3 - 2. Is 14 a factor of 10/35 + k + (-320)/(-7)?
False
Let t(x) = x + 9. Let y be t(-4). Suppose 5*p + y*b - 315 = 0, -4*p + b - 6*b = -251. Does 16 divide p?
True
Let j = -434 + 595. Is j even?
False
Let m be (8/5)/((-30)/(-225)). Suppose 25 = -m*j + 17*j. Suppose j*o + w - 52 = 0, 0 = -o + 2*w - w + 14. Is o a multiple of 9?
False
Suppose 11*w = 6*w - 195. Let j = w + 56. Does 6 divide j?
False
Let g = 79 + -43. Let p be ((-1992)/g)/((-2)/9). Suppose 0 = -3*v + 3*b + 249, 2*b + 0*b + p = 3*v. Is v a multiple of 16?
False
Suppose 0 = -n + 4*j + 1257, 17 = -4*j + 1. Does 34 divide n?
False
Suppose -476*v + 480*v = 352. Is v a multiple of 9?
False
Let y(p) = -2*p**3 - 5*p**2 - 2*p + 1. Let o be (-3)/((-1 + -3)/(-4)). Is y(o) a multiple of 4?
True
Does 34 divide 893/4 + ((-13)/52 - 0)?
False
Let d = 271 - -1709. Is 24 a factor of d?
False
Let o be 2/4 + (-15)/(-2). Let h = 10 - o. Suppose -h*k = -45 + 3. Does 18 divide k?
False
Suppose 588*f - 594*f = -4002. Is f a multiple of 23?
True
Let j = 57 - -6. Let l = j - 28. Suppose 0*o + l = 5*o. Is 4 a factor of o?
False
Let v be (-29)/(-2) - (99/(-18) + 4). Suppose 213 = 5*u - 2*h - h, -4*h = -v. Is 9 a factor of u?
True
Let d = -15 + 20. Suppose -d*x = -54 + 24. Is x/(-27) + (-686)/(-9) a multiple of 17?
False
Suppose -7*m + 2*m + 10 = 0. Suppose 10 = 2*o - m. Suppose 0 = r - o*r - 5*u + 25, -9 = -2*r - u. Does 2 divide r?
True
Is 3 a factor of 2/(1/68 - 0)?
False
Is -4*(-21)/112 + 1172/16 a multiple of 4?
False
Let k = -450 + 849. Suppose -2*w + 5*l = -w - 113, 0 = 3*w - 3*l - k. Is 11 a factor of w?
False
Let j = 3287 + -856. Does 37 divide j?
False
Suppose 42 - 5 = 4*w + 5*b, -2*b = -4*w + 30. Does 16 divide w/6 - 1680/(-36)?
True
Suppose -144*r + 158*r = 10346. Is r a multiple of 26?
False
Let r(b) = -b**3 - b**2 - b + 2. Let u be r(0). Is 21 + (3 - 14/u) even?
False
Suppose 0 = -5*x + w + 71, -2*w + 6 = -2. Let f(h) = -10*h**2 + h. Let v be f(1). Let k = x - v. Is 10 a factor of k?
False
Let o(u) = -2*u + 3. Let q be o(11). Let i = q - -4. Let w = i + 39. Does 8 divide w?
True
Suppose -12*g = -10*g - 700. Is g a multiple of 32?
False
Is 22 a factor of -3*(-4)/30 - 218/(-5)?
True
Let d = -8 - -16. Suppose d*m - 4*m - 128 = 0. Is m a multiple of 12?
False
Let t(j) = 66*j**2 + 12*j + 14. Is t(-2) a multiple of 20?
False
Suppose 6*u - u = 410. Suppose -z = 4*z + 10, 2*h = 2*z + u. Is h a multiple of 12?
False
Let k = 7 + -2. Let s be 10 + (-5)/(k/(-3)). Suppose -5*t = -63 + s. Is t a multiple of 3?
False
Let z(y) = -3*y + 2. Let b be z(2). Let q = b + 8. Suppose 0 = -2*k + q*k - 16. Does 8 divide k?
True
Suppose 18 = 2*y + 2. Suppose f + 3 = -t + y, 0 = -2*t + 2*f + 10. Suppose -14 = -t*r + 3*r. Is 7 a factor of r?
True
Suppose 0*s = s + 29. Let v = 43 + s. Suppose -70 = -3*h + 4*k + v, 0 = -h + 3*k + 28. Does 23 divide h?
False
Let d = 12 - 20. Is 46 a factor of (5 + d)/(1/(-46))?
True
Suppose 5*q = -5*t + 3240, 10*t + 1926 = 13*t - 3*q. Is 43 a factor of t?
True
Let x = 1536 - 1381. Is 21 a factor of x?
False
Let x = 5252 + -3558. Does 96 divide x?
False
Let i(j) = 223*j + 6. Let w be i(2). Suppose -5*v = 5, v - w = -3*d + 3*v. Does 24 divide d?
False
Suppose 29*w + 75 = 4*b + 30*w, 2*w = 3*b - 48. Does 18 divide b?
True
Let n be -3*-2*(-2)/(-4). Suppose -n*w = -9 - 87. Suppose 0*h = -4*h - 2*c + w, 0 = 5*h + 5*c - 45. Is h a multiple of 2?
False
Let a(y) = y**3 + 22*y**2 + 25*y + 42. Does 31 divide a(-10)?
True
Let o(x) = -7*x. Let c be (-2)/15 + (-8)/(-60). Let k be -1 - 0*(1 + c). Is 2 a factor of o(k)?
False
Let f(t) be the first derivative of -t**7/840 - 7*t**6/360 - t**5/30 - 3*t**3 + 6. Let p(a) be the third derivative of f(a). Is p(-7) a multiple of 28?
True
Suppose -2*a = -5*b + 219 + 134, -3*a - 357 = -5*b. Suppose 3*d = 3*x - b, 2*x - 5*d = 49 + 6. Does 4 divide x?
True
Let r(x) = -26*x - 4. Let l be r(3). Let d = -43 - l. Is d a multiple of 11?
False
Let s(i) = 35*i - 1. Let u be s(1). Let h = 129 - u. Does 14 divide h/2 - 8/16?
False
Suppose -9 = 6*b - b - 4*x, 0 = x - 1. Let o(c) = c. Let r be o(b). Is 11 a factor of 